igit of b/1*(-12)/30?
1
Suppose 0 = x + 4*p - 175, 640 = 4*x + 3*p + p. Let l = -260 + 555. Suppose l = 9*h - x. What is the units digit of h?
0
Let o(k) be the third derivative of -11*k**6/720 + 5*k**4/24 + 4*k**2. Let d(l) be the second derivative of o(l). What is the tens digit of d(-1)?
1
What is the units digit of (-456)/(-18)*(-9)/(-4)?
7
Let s(a) = 193 - 96 - 96 - 2*a + 18*a**2. What is the tens digit of s(-3)?
6
Suppose 2*f = -w + 1000, -2*w - 1902 = -5*f + 607. What is the hundreds digit of f?
5
Suppose 27376 = 31*f - 2*f. What is the tens digit of f?
4
Let s(b) = -b**3 + 3*b**2 - 6. Suppose z = 10 - 7. Let m be s(z). Let f(k) = k**3 + 6*k**2 - 7*k - 7. What is the units digit of f(m)?
5
Let i(d) = -20*d**2 - 3*d + 14. Let u(x) = 7*x**2 + x - 5. Let q(n) = -4*i(n) - 11*u(n). What is the tens digit of q(7)?
5
Suppose 3*i - 233 = -11*z + 10*z, 4*z - 3*i = 887. What is the units digit of z?
4
Let b = -1614 - -1616. Suppose 0 = -2*k - 3*k. Suppose w - 68 = 3*c, k = -b*w - 5*c - 13 + 127. What is the units digit of w?
2
What is the tens digit of (-9430)/(-184) - 2/8?
5
Suppose 5*q = 2*t - 99, -3*q = -0*t + 4*t - 159. What is the tens digit of t?
4
Let b be 0 - 9/(0 - 3). Suppose 4*n - 4*s = 0, -b*n = 2*s - 21 + 6. Suppose 0 = z + 4*c - 19, 3*z = -c + 71 - n. What is the tens digit of z?
2
Let f(m) = m**3 + 6*m**2 + 7*m + 9. Let w be f(-4). Let p = w + -11. Suppose 99 = p*j - 17. What is the units digit of j?
8
Let b = 64 + 123. What is the units digit of b?
7
Let q = 21 - -24. What is the tens digit of 4/(-6) + 3135/q?
6
Let m(g) = g**3 - 8*g**2 - 12*g + 11. What is the tens digit of m(14)?
1
Let k(u) = u**2 + 7*u - 14. Let m be k(-9). Suppose -5*i = 5*y + 97 - 377, 0 = -y + m*i + 41. What is the tens digit of y?
5
Let m = 0 - 14. Let o be 0 + 0 - (-2478)/m. What is the units digit of 3/15 - o/15?
2
Suppose -10*v = -7*v + 5*m - 1326, -2*m + 443 = v. What is the hundreds digit of v?
4
Suppose 20 = 4*j - n, -j + n = 1 - 6. Suppose 4*w + 613 = 3*r, -987 = -0*r - j*r - 2*w. What is the hundreds digit of r?
1
Let r(v) = -470*v**2 - 2*v - 1. Let n be r(-1). What is the tens digit of (-1 + 2)/((-7)/n)?
6
Let y(d) = 2*d**2 - d + 553. What is the tens digit of y(0)?
5
Let v = -546 - -3610. What is the tens digit of v?
6
Let h(s) = 24*s**2 - s + 16. What is the tens digit of h(-5)?
2
Let z be ((-4)/5)/(14/140). Let r be 220/4*z/20. Let s = r + 34. What is the units digit of s?
2
Let r be (351/(-6))/(-3)*2. Let h = r - 26. Let i = h - -30. What is the tens digit of i?
4
What is the thousands digit of (-1)/((-5)/(-30)) + 2402?
2
Let t = 37 + -22. Suppose 0 = 2*a - 1 - t. Suppose -a = -0*g - g. What is the units digit of g?
8
Let h be 60/(-18)*3/(-2). Suppose 2*j + 5*r = 270, 0*j = h*j + 4*r - 675. What is the units digit of j?
5
Suppose -2*n = 0, -u - 6*n = -8*n - 481. What is the units digit of u?
1
Let v(w) = -94*w - 79. What is the tens digit of v(-10)?
6
Let a(l) = -4*l**3 + 2*l. Let b(p) be the third derivative of -p**6/120 + p**5/12 - p**4/24 + p**3/2 - 3*p**2. Let d be b(5). What is the tens digit of a(d)?
2
Let r = 34 - 34. Let t(a) = -a + 64. What is the units digit of t(r)?
4
Let a = 30 - 30. Suppose -j + 222 = -a*j. Suppose -3*g - s = -170, -5*s + 6*s + j = 4*g. What is the tens digit of g?
5
Suppose -3*s - 276 = 2*x, 4*x - 3*s + 667 - 97 = 0. Let u = 326 + x. What is the units digit of u?
5
Suppose 0 = 35*d - 49*d + 4088. What is the tens digit of d?
9
Let h = 494 - -46. What is the hundreds digit of h?
5
Let i(u) = -417*u + 351. What is the units digit of i(-3)?
2
Let p = 714 - 535. What is the tens digit of p?
7
What is the units digit of 45*(-7 + 183/9)?
0
Suppose -2*s + 6118 = 2*c, 10*c + 4*s = 11*c - 3039. What is the units digit of c?
5
Let r = -381 - -383. Let s(u) = u + 2. Let q be s(2). Suppose -r*k = 3*f - 55, -5*k + 0*k - 58 = -q*f. What is the tens digit of f?
1
What is the tens digit of 651 + 2 + 8 + (0 - 3)?
5
Suppose 0 = 4*x - 52 - 20. What is the units digit of (-142)/(-3) - 6/x?
7
Let a = 2400 - -1183. What is the hundreds digit of a?
5
Let o = 13 + -11. Suppose -4*p - 2*l + 218 = 0, 3*p - 166 = -0*l - o*l. Suppose g + 4*z + p = 3*g, g - 3*z = 28. What is the units digit of g?
2
Let b = 1545 - 758. What is the units digit of b?
7
Let n(f) = -f**2 + 34*f + 41. Let u be n(35). Let z(y) be the third derivative of y**6/120 - y**5/12 - y**4/8 - y**3 + 2*y**2. What is the tens digit of z(u)?
1
Let f = 1810 - 1090. What is the tens digit of f?
2
Suppose -m - 26 + 29 = 0. Suppose 6*z - 2*z = -m*u + 568, -142 = -z + 4*u. What is the units digit of z?
2
Suppose 3*k - 1898 = -2*l, 2*k = -l + 806 + 145. What is the tens digit of l?
4
Let a be 18*(-2 + (-4)/3). Let z = 6 + a. Let i = -26 - z. What is the tens digit of i?
2
Suppose -4*b + 8*b = 0. Let u = 65 - b. What is the tens digit of u?
6
Suppose 0*j + 16 = 2*j. Let g be 0 - j/6*-3. What is the units digit of 3 + g + (3 - 2)?
8
Let c = -107 + 107. Suppose 4*q + 2*a - 122 = 0, c = -7*q + 2*q + a + 163. What is the tens digit of q?
3
Suppose 1104*s - 1097*s - 917 = 0. What is the units digit of s?
1
Let f be -125*(-1)/2 - (-3)/(-6). Suppose 2*n = f - 30. What is the units digit of n?
6
Let h(f) = f**3 - 29*f**2 + 84*f + 31. What is the units digit of h(28)?
9
Let p(f) = 2*f + 8. Let w be p(-4). Suppose -4*s + 163 = -x - 346, w = 5*s - 3*x - 631. What is the tens digit of s?
2
Let x be (-2)/10 + 2044/20. Suppose 33 + x = 3*u. What is the tens digit of u?
4
Let h be ((-6)/(-4))/((-2)/(-188)). Let a = 214 - h. Let m = 124 - a. What is the tens digit of m?
5
Let g(c) = -c**3 - 13*c**2 - 18*c - 17. Let j be g(-12). Let s = j - 49. What is the units digit of s?
6
Let q(r) = 203*r**2 + 2*r + 6. Let i be q(-3). Suppose 20*h + i = 27*h. What is the tens digit of h?
6
Let p(r) = -r - 2. Let j be p(1). Let o(g) = -2*g**3 - 2*g**2 + 3*g - 1. What is the tens digit of o(j)?
2
Suppose 0*o = -2*o. Let x(y) = 19*y**2 - 28*y + 49. Let d(t) = -7*t**2 + 10*t - 16. Let m(u) = 11*d(u) + 4*x(u). What is the units digit of m(o)?
0
Let w be (-332)/(-2) + (4 - (0 + 1)). Suppose -4*y + 371 = -w. What is the hundreds digit of y?
1
Let l be (1 - -1)/((-38)/(-57)). Suppose -3*g - 80 = -p + 38, -l*p + 5*g = -338. What is the tens digit of p?
0
Suppose -4*b + b + 15 = 0. Suppose 5*g - 3*r = 10, 2*g - 7*g - b*r = -50. Suppose 8*q - g*q - 105 = 0. What is the units digit of q?
5
Suppose m + 3*m = -2*g + 116, 82 = g - 4*m. Let r(j) = -j**3 + 6*j**2. Let u be r(6). Suppose u = n - 3*n + g. What is the units digit of n?
3
Let n be (-23)/(184/(-48)) + (4 - 1). Suppose -n*c = -14*c + 665. What is the units digit of c?
3
Let g = -732 + 1320. What is the units digit of g?
8
Suppose 0*w = -5*w + 310. Suppose 5*p = -5*o + 190, -p + 0*p + w = -5*o. What is the tens digit of p?
4
Suppose -145*c + 127*c + 38628 = 0. What is the hundreds digit of c?
1
Let q = 145 - 239. Let o = q - -146. What is the units digit of o?
2
Let w be (-4 - 0)/(-6 - -2). Let k(d) = 4*d - 1. Let z(v) = -v. Let y(p) = k(p) - 4*z(p). What is the units digit of y(w)?
7
Suppose -6*c + 10036 + 632 = 0. What is the hundreds digit of c?
7
Let q(c) = c - 3. Let i be q(2). Let o be 3*i/(-3) + 3. Suppose 0*m + 219 = 3*m + 2*s, -s + 292 = o*m. What is the units digit of m?
3
What is the units digit of 2323677/559 + 2/13 - 6?
1
Let f = -43 - -23. Let a be f/(-8)*4/10. What is the tens digit of (a + (-1)/3)*30?
2
What is the tens digit of (-6)/(-10) - (-3062)/5?
1
Let j = 7 - 4. Let v be (94/(-3))/((-2)/j). Suppose 3*m = -m + 2*s + 118, m + 3*s = v. What is the units digit of m?
2
Suppose 0*z = 2*z + 5*j + 14, 0 = j - 2. Let k(w) = w**2 + 10*w + 28. What is the tens digit of k(z)?
5
What is the units digit of ((-12)/7)/((-8)/4648)?
6
Let b(t) = t + 5. Let f be b(0). Suppose 0 = -4*y + 12, -y - 1 = -3*a + f. What is the units digit of 2/a*468/8?
9
Let h = 37 + -37. Suppose 3*u = -l - 31 + 108, h = -3*u + 3. What is the units digit of l?
4
Suppose -1612 + 300 = -4*i. What is the tens digit of i?
2
Let x be (-2)/6 + (-3380)/(-15). Let a be (4/(-6))/((-6)/x). Suppose 0 = 3*y - 4*q - 77, -2*y = -y - 2*q - a. What is the units digit of y?
7
Suppose 827 = 4*p - h, -p - h + 0*h + 208 = 0. What is the tens digit of p?
0
Let z = 227 - 13. Suppose -3*r = -l + 113, -r = 3*